{"version":"1.0","provider_name":"Blog - The Mediam Group by Aleph","provider_url":"https:\/\/www.themediamgroup.com\/blog","author_name":"Michelle Barrera","author_url":"https:\/\/www.themediamgroup.com\/blog\/author\/michelle\/","title":"Mediam by Aleph impulsa el ecosistema de CTV con ViX en el marco del IAB Day Colombia 2025 - Blog - The Mediam Group by Aleph","type":"rich","width":600,"height":338,"html":"<blockquote class=\"wp-embedded-content\" data-secret=\"o6obJkjjg8\"><a href=\"https:\/\/www.themediamgroup.com\/blog\/blog\/iab-day-colombia-2025-vix-ctv-mediam\/\">Mediam by Aleph impulsa el ecosistema de CTV con ViX en el marco del IAB Day Colombia 2025<\/a><\/blockquote><iframe sandbox=\"allow-scripts\" security=\"restricted\" src=\"https:\/\/www.themediamgroup.com\/blog\/blog\/iab-day-colombia-2025-vix-ctv-mediam\/embed\/#?secret=o6obJkjjg8\" width=\"600\" height=\"338\" title=\"\u00abMediam by Aleph impulsa el ecosistema de CTV con ViX en el marco del IAB Day Colombia 2025\u00bb \u2014 Blog - The Mediam Group by Aleph\" data-secret=\"o6obJkjjg8\" frameborder=\"0\" marginwidth=\"0\" marginheight=\"0\" scrolling=\"no\" class=\"wp-embedded-content\"><\/iframe><script>\n\/*! This file is auto-generated *\/\n!function(d,l){\"use strict\";l.querySelector&&d.addEventListener&&\"undefined\"!=typeof URL&&(d.wp=d.wp||{},d.wp.receiveEmbedMessage||(d.wp.receiveEmbedMessage=function(e){var t=e.data;if((t||t.secret||t.message||t.value)&&!\/[^a-zA-Z0-9]\/.test(t.secret)){for(var s,r,n,a=l.querySelectorAll('iframe[data-secret=\"'+t.secret+'\"]'),o=l.querySelectorAll('blockquote[data-secret=\"'+t.secret+'\"]'),c=new RegExp(\"^https?:$\",\"i\"),i=0;i<o.length;i++)o[i].style.display=\"none\";for(i=0;i<a.length;i++)s=a[i],e.source===s.contentWindow&&(s.removeAttribute(\"style\"),\"height\"===t.message?(1e3<(r=parseInt(t.value,10))?r=1e3:~~r<200&&(r=200),s.height=r):\"link\"===t.message&&(r=new URL(s.getAttribute(\"src\")),n=new URL(t.value),c.test(n.protocol))&&n.host===r.host&&l.activeElement===s&&(d.top.location.href=t.value))}},d.addEventListener(\"message\",d.wp.receiveEmbedMessage,!1),l.addEventListener(\"DOMContentLoaded\",function(){for(var e,t,s=l.querySelectorAll(\"iframe.wp-embedded-content\"),r=0;r<s.length;r++)(t=(e=s[r]).getAttribute(\"data-secret\"))||(t=Math.random().toString(36).substring(2,12),e.src+=\"#?secret=\"+t,e.setAttribute(\"data-secret\",t)),e.contentWindow.postMessage({message:\"ready\",secret:t},\"*\")},!1)))}(window,document);\n<\/script>\n","thumbnail_url":"https:\/\/www.themediamgroup.com\/blog\/wp-content\/uploads\/2025\/05\/DSC_9415-scaled.jpg","thumbnail_width":2560,"thumbnail_height":1707,"description":"Bogot\u00e1, mayo de 2025. Como parte del IAB Day Colombia 2025, el evento m\u00e1s relevante de la industria publicitaria digital del pa\u00eds, Mediam by Aleph \u2014representante oficial de ViX en m\u00e1s de 14 pa\u00edses de Am\u00e9rica Latina\u2014 tuvo una participaci\u00f3n destacada con intervenciones clave que posicionaron a la compa\u00f1\u00eda como referente en estrategias avanzadas de [&hellip;]"}

Bogotá, mayo de 2025. Como parte del IAB Day Colombia 2025, el evento más relevante de la industria publicitaria digital del país, Mediam by Aleph —representante oficial de ViX en más de 14 países de América Latina— tuvo una participación destacada con intervenciones clave que posicionaron a la compañía como referente en estrategias avanzadas de [&hellip;]
